True
Is 52 a factor of 32200?
False
Does 9 divide 426?
False
Does 148 divide 3996?
True
Is 288 a factor of 71336?
False
Is 7 a factor of 1517?
False
Is 3403 a multiple of 3?
False
Is 348 a multiple of 2?
True
Is 219 a factor of 876?
True
Is 21 a factor of 1776?
False
Is 13824 a multiple of 18?
True
Does 10 divide 1810?
True
Is 10 a factor of 260?
True
Does 18 divide 39154?
False
Is 1350 a multiple of 75?
True
Does 12 divide 2295?
False
Is 8 a factor of 157?
False
Does 10 divide 257?
False
Is 10 a factor of 9287?
False
Is 38 a factor of 27968?
True
Is 15 a factor of 2970?
True
Is 9 a factor of 270?
True
Is 17152 a multiple of 64?
True
Does 64 divide 4841?
False
Is 29 a factor of 16581?
False
Does 53 divide 2404?
False
Does 80 divide 12575?
False
Is 1560 a multiple of 5?
True
Is 25 a factor of 67?
False
Does 22 divide 2816?
True
Is 34755 a multiple of 35?
True
Does 55 divide 9535?
False
Is 4 a factor of 93?
False
Is 1573 a multiple of 11?
True
Does 49 divide 490?
True
Is 19 a factor of 6612?
True
Does 6 divide 47826?
True
Is 540 a multiple of 4?
True
Does 6 divide 558?
True
Does 105 divide 3150?
True
Does 37 divide 2322?
False
Does 26 divide 2288?
True
Is 60 a factor of 13980?
True
Is 41 a factor of 760?
False
Is 63 a multiple of 3?
True
Is 974 a multiple of 42?
False
Is 62 a factor of 1798?
True
Is 293 a factor of 67097?
True
Is 378 a multiple of 23?
False
Is 7 a factor of 4851?
True
Is 966 a multiple of 14?
True
Is 196 a multiple of 7?
True
Is 6071 a multiple of 95?
False
Does 29 divide 29?
True
Is 14 a factor of 3644?
False
Does 12 divide 1164?
True
Is 75691 a multiple of 44?
False
Is 203 a factor of 2882?
False
Is 32552 a multiple of 51?
False
Does 3 divide 71?
False
Does 28 divide 1849?
False
Does 93 divide 4464?
True
Is 1284 a multiple of 2?
True
Does 21 divide 16354?
False
Is 29 a factor of 4640?
True
Does 71 divide 497?
True
Is 729 a multiple of 3?
True
Is 4826 a multiple of 24?
False
Is 944 a multiple of 59?
True
Is 61 a multiple of 15?
False
Is 9 a factor of 1188?
True
Is 1278 a multiple of 16?
False
Is 15730 a multiple of 34?
False
Is 21 a factor of 232?
False
Is 129 a factor of 51729?
True
Is 2790 a multiple of 15?
True
Is 374 a multiple of 11?
True
Does 13 divide 2062?
False
Does 17 divide 5568?
False
Does 14 divide 5008?
False
Is 12 a factor of 86?
False
Is 815 a multiple of 5?
True
Does 37 divide 1489?
False
Is 271 a factor of 74807?
False
Is 14 a factor of 178?
False
Does 47 divide 376?
True
Is 34720 a multiple of 310?
True
Is 2 a factor of 630?
True
Is 138 a factor of 1518?
True
Is 52664 a multiple of 232?
True
Does 23 divide 3864?
True
Does 13 divide 478?
False
Does 42 divide 5378?
False
Is 1081 a multiple of 65?
False
Does 4 divide 394?
False
Does 5 divide 189?
False
Is 55183 a multiple of 139?
True
Does 57 divide 10773?
True
Is 920 a multiple of 23?
True
Is 3102 a multiple of 26?
False
Is 153 a factor of 1234?
False
Is 16 a multiple of 8?
True
Is 62080 a multiple of 184?
False
Is 123 a factor of 1640?
False
Does 32 divide 1469?
False
Is 384 a multiple of 17?
False
Is 18191 a multiple of 15?
False
Is 27 a factor of 167?
False
Is 868 a multiple of 7?
True
Is 3969 a multiple of 49?
True
Does 19 divide 5453?
True
Is 7639 a multiple of 39?
False
Is 21 a factor of 3024?
True
Is 13 a factor of 6513?
True
Does 213 divide 27074?
False
Does 30 divide 3990?
True
Is 66 a factor of 19866?
True
Does 11 divide 18073?
True
Is 661 a multiple of 30?
False
Is 2121 a multiple of 35?
False
Is 12 a factor of 2208?
True
Does 52 divide 7045?
False
Is 11151 a multiple of 16?
False
Is 3 a factor of 4893?
True
Is 10349 a multiple of 26?
False
Is 5 a factor of 206?
False
Is 17005 a multiple of 95?
True
Does 9 divide 1035?
True
Does 25 divide 150?
True
Does 34 divide 146?
False
Is 126 a multiple of 14?
True
Is 276 a multiple of 2?
True
Does 261 divide 63945?
True
Is 14 a factor of 1092?
True
Is 32160 a multiple of 24?
True
Is 693 a multiple of 63?
True
Is 11112 a multiple of 24?
True
Is 9840 a multiple of 71?
False
Does 3 divide 322?
False
Does 19 divide 208?
False
Does 71 divide 27335?
True
Is 199 a factor of 8673?
False
Is 7 a factor of 11459?
True
Is 46 a factor of 1196?
True
Is 99 a multiple of 22?
False
Does 14 divide 2537?
False
Does 25 divide 2675?
True
Is 7 a factor of 22428?
True
Is 290 a multiple of 3?
False
Is 10 a factor of 14630?
True
Is 14 a factor of 3178?
True
Is 52 a factor of 45292?
True
Does 18 divide 29762?
False
Is 53058 a multiple of 222?
True
Is 10 a factor of 260?
True
Is 8439 a multiple of 29?
True
Is 8079 a multiple of 146?
False
Is 88 a multiple of 11?
True
Does 4 divide 6441?
False
Is 1027 a multiple of 9?
False
Is 3 a factor of 2070?
True
Is 30049 a multiple of 31?
False
Is 2337 a multiple of 11?
False
Does 3 divide 1113?
True
Does 19 divide 15257?
True
Does 23 divide 92?
True
Is 30 a factor of 1267?
False
Does 158 divide 6010?
False
Does 11 divide 37158?
True
Does 101 divide 433?
False
Is 75 a factor of 15866?
False
Does 34 divide 2414?
True
Does 29 divide 348?
True
Is 58 a factor of 789?
False
Is 10 a factor of 743?
False
Is 35 a factor of 455?
True
Does 21 divide 659?
False
Does 76 divide 152?
True
Is 105 a multiple of 21?
True
Is 8 a factor of 912?
True
Is 17747 a multiple of 14?
False
Is 24 a factor of 96?
True
Is 11286 a multiple of 9?
True
Is 10 a factor of 19560?
True
Is 2487 a multiple of 83?
False
Is 16 a factor of 576?
True
Does 55 divide 58503?
False
Is 10 a factor of 110?
True
Does 12 divide 5920?
False
Does 33 divide 777?
False
Is 123 a factor of 34932?
True
Is 28320 a multiple of 10?
True
Is 21 even?
False
Does 39 divide 1872?
True
Is 35 a factor of 9030?
True
Is 12 a factor of 1604?
False
Does 102 divide 9939?
False
Is 16 a factor of 33664?
True
Is 78 a factor of 3327?
False
Does 5 divide 151?
False
Does 23 divide 4166?
False
Is 17543 a multiple of 41?
False
Is 43 a factor of 105823?
True
Is 6945 a multiple of 15?
True
Does 3 divide 291?
True
Is 243 a multiple of 81?
True
Does 6 divide 41082?
True
Is 20095 a multiple of 103?
False
Is 896 a multiple of 16?
True
Is 17738 a multiple of 80?
False
Is 2081 a multiple of 19?
False
Is 6500 a multiple of 20?
True
Is 136 a factor of 8824?
False
Is 5 a factor of 1034?
False
Does 52 divide 208?
True
Is 11692 a multiple of 79?
True
Does 14 divide 4437?
False
Is 76 a multiple of 16?
False
Does 68 divide 22576?
True
Is 178 a factor of 27768?
True
Is 2379 a multiple of 34?
False
Is 197 a multiple of 16?
False
Is 1725 a multiple of 15?
True
Is 12 a factor of 96?
True
Is 15 a factor of 3750?
True
Does 2 divide 264?
True
Is 139 a multiple of 5?
False
Does 4 divide 244?
True
Does 7 divide 12256?
False
Is 126 a multiple of 14?
True
Is 2752 a multiple of 23?
False
Is 3733 a multiple of 62?
False
Is 28 a factor of 84?
True
Is 164 a multiple of 19?
False
Is 8 a factor of 528?
True
Is 24 a factor of 75620?
False
Does 91 divide 1760?
False
Does 98 divide 3372?
False
Is 19 a factor of 51351?
False
Does 20 divide 2334?
False
Is 150 a multiple of 23?
False
Does 11 divide 9075?
True
Is 7 a factor of 14588?
True
Does 88 divide 42856?
True
Is 49 a factor of 7693?
True
Does 4 divide 356?
True
Is 22 a factor of 1100?
True
Is 4455 a multiple of 45?
True
Is 88 a factor of 64594?
False
Does 7 divide 84?
True
Is 440 a multiple of 11?
True
Is 295 a multiple of 13?
False
Is 476 a multiple of 14?
True
Does 8 divide 16520?
True
Does 77 divide 2269?
False
Is 5 a factor of 44870?
True
Is 13 a factor of 1455?
False
Does 17 divide 704?
False
Is 6760 a multiple of 52?
True
Is 31932 a multiple of 36?
True
Is 46860 a multiple of 55?
True
Is 18 a factor of 3618?
True
Is 13 a factor of 650?
True
Is 2711 a multiple of 201?
False
Is 17 a factor of 1721?
False
Does 15 divide 1092?
False
Is 885 a multiple of 35?
False
Does 152 divide 72169?
False
Is 26541 a multiple of 47?
False
Does 16 divide 137?
False
Does 79 divide 7296?
False
Is 2440 a multiple of 19?
False
Is 23 a factor of 911?
False
Is 6119 a multiple of 211?
True
Does 6 divide 312?
True
Is 3119 a multiple of 9?
False
Is 139 a factor of 23188?
False
Is 75 a factor of 3375?
True
Is 130 a factor of 7201?
False
Is 18988 a multiple of 41?
False
Is 3770 a multiple of 10?
True
Does 2 divide 2593?
False
Does 46 divide 1242?
True
Is 1461 a multiple of 32?
Fal